8. What is k(q)?
-51
Let i = -1 - 1. Let b(z) = -97*z - 45. Let o(x) = -267*x - 122. Let m(l) = 11*b(l) - 4*o(l). What is m(i)?
-9
Let p(w) = 2*w**2 - 1 + 0 + 30*w**3 + 11*w - 13*w - 29*w**3. Let v be 1*8 + 33/(-11). Let g be (-14)/v - (-3)/(-15). What is p(g)?
-4
Let q(h) be the first derivative of -h - 7/2*h**2 - 357. Let w = -3 + 4. What is q(w)?
-8
Suppose -5*h + 40 = -8*v + 3*v, 0 = h - 3*v - 6. Let c = 29 + -29. Let a(j) = 9*j - j**2 - 3 + c - 4. Give a(h).
-7
Let z(c) be the third derivative of c**7/2520 + c**6/360 + c**5/30 + 49*c**4/24 + c**3/6 - 5*c**2 - 4*c. Let v(d) be the second derivative of z(d). Give v(-5).
19
Let v(t) be the second derivative of -13*t**4/12 - 17*t**3/3 + 7*t**2/2 - 11916*t. Calculate v(-3).
-8
Suppose n - 6 = -3*d + 7, -5*d + 3*n = -31. Suppose -7*q + d*q + 4*g = -16, -2*g - 8 = 2*q. Let m(z) = z**3 + z**2 - 2*z + 8. What is m(q)?
8
Let r be -36*(136/(-16))/17. Let t(o) = r*o - 5 - 32*o**2 + 49*o**2 - 18*o**2. What is t(18)?
-5
Let c(d) = -4*d**3 + 4*d**3 + 8*d - 10*d**2 - 9 - d**3. Let o(s) = 169 + 2*s**3 + 11*s**2 - 8*s - 336 + 177. Let b(p) = -3*c(p) - 2*o(p). Determine b(7).
0
Let d be ((-33)/(-18)*33)/(1/(-2)). Let k = 122 + d. Let h(p) = 5*p**3 + p**2 - p + 1. Calculate h(k).
6
Let a(v) = 23*v - 9 - v**3 + 4 + 19*v**2 - v**3 - 36*v + 6*v**2. Calculate a(12).
-17
Let f = 219 - 155. Let y = f + -62. Let r be (-18)/3 + (y - 0/1). Let k(b) = -3*b - 2. Determine k(r).
10
Let f(n) = -77*n + 6. Let y(g) = 25*g - 2. Let z(l) = 6*f(l) + 17*y(l). What is z(-1)?
39
Let j = 217 - 120. Let b = -102 + j. Let a(k) = -k - 6. Give a(b).
-1
Let a = 31 + -34. Let g(c) = c + 5. Let o be g(a). Suppose 0 = -o*h + 4*v - 8, -2*v + 12 = -6*h + h. Let b(l) = -l**3 + 3*l**2 + 4*l + 3. What is b(h)?
15
Let i(j) be the second derivative of 0 - 1/12*j**4 + 3/2*j**3 - 5*j**2 - 91*j. Calculate i(8).
-2
Let t = -30796 + 30828. Let w(v) be the third derivative of 0*v - 1/8*v**4 - 2/3*v**3 + 0 - t*v**2. Determine w(-3).
5
Suppose -n = 2*n - 12. Let h(r) = -4*r**2 - 3*r**3 + r**3 - 3 - 2*r**2 + 4*r + r**2 + 3*r**3. Determine h(n).
-3
Suppose -2*z + y + 4 = 0, -6*z + z - y = -3. Let s be ((-33)/(-9) - 3)/(z/(-9)). Let i(h) = h**3 + 7*h**2 + 7*h - 7. Calculate i(s).
-13
Suppose 0 = -2*p - 2*s - 4, 0 = p - 5*s - 22. Let r(b) = 10 + b**p - 8*b + 0 - 1. Calculate r(8).
9
Suppose -29*g + 35 = -88 + 181. Let f(k) = 10*k**3 + k**2 - k - 1. Determine f(g).
-75
Let m(d) = -3*d**2 + 3*d**2 + 4248211827*d**3 - d - 4248211813*d**3. Suppose -4*y - 1 + 5 = 0. Determine m(y).
13
Let x(y) = y**2 + y - 8. Let f be x(13). Suppose 2*j - 52 + f = 0. Let h = j - -57. Let i(t) = -t**2 - 3*t + 5. Determine i(h).
1
Let p(v) be the third derivative of -1/6*v**3 + 0 - 1/6*v**4 + 0*v + 1/60*v**5 + 38*v**2 + 1/120*v**6. Determine p(-3).
-7
Let l be 5 - (-32)/(-8) - 3. Let i be -2*(33/(-22) + 1*l). Let q(f) = 2*f - 19. Calculate q(i).
-5
Suppose 0 = -15*z + 10*z. Suppose z = p + j - 1 + 3, -2*j - 8 = 0. Let x(i) = -1 + 2*i + 2*i + 0*i**p - i**2 + 4*i. Determine x(7).
6
Let s = 26 - 22. Let c(j) be the second derivative of -1/3*j**3 + 0 - 1/20*j**5 - 24*j - 3/2*j**2 + 5/12*j**4. Give c(s).
5
Suppose 4*r + 5*b + 28 = -16, 2*r + b = -22. Let d(v) be the second derivative of -v**3/6 + 5*v**2/2 + 2*v. Calculate d(r).
16
Let s(u) = u**3 - 11*u**2 - 7. Suppose 0 = 5*f - 12*f - 35. Let y(m) = m**2 + 5*m + 11. Let d be y(f). Give s(d).
-7
Let u(t) = 16*t**2 - t - 29. Let a(q) = -3*q**2 + 5. Let h(j) = 33*a(j) + 6*u(j). Determine h(-3).
-18
Suppose p = 4*b + 91 + 63, p - 172 = -5*b. Let m = 156 - p. Let c(v) = -v**2 - 6*v - 1. Give c(m).
-1
Let h(b) = -b**2 - 79*b - 1249. Let a be h(-57). Let r(v) = -4*v**2 - 12*v. Let w(f) = 9*f + 3*f**2 + 0 + 2*f + 1. Let z(c) = a*w(c) + 4*r(c). Give z(7).
5
Let a(f) = f**2 + 10*f + 25. Suppose 0 = -5*l + d - 8, -6*l + 13 = -5*d - 4. Give a(l).
4
Let d(k) = 4*k**2 + 2*k. Suppose -y - 4*z - 19 = 0, 5*y + z = 7*y - 7. Calculate d(y).
6
Suppose -42*x - 4761 = -5307. Let j(y) = -2*y**2 + 29*y - 31. Determine j(x).
8
Let j(x) be the second derivative of 20*x + 0 + 5/2*x**2 + 1/3*x**3. Calculate j(-2).
1
Let c(a) = 9*a - 7*a**2 + 21*a**2 - 5*a**2 - 10*a**2. Let d be c(9). Let g(w) = 8 - 2*w + 6*w - 9 + d*w - w**2. What is g(3)?
2
Let l be (-3)/((-2)/1 + 3). Let t(p) be the third derivative of 0*p + 0*p**3 + 0 + 14*p**2 + 0*p**4 + 1/120*p**6 + 1/30*p**5. What is t(l)?
-9
Let m(f) = 44*f + 524. Let w be m(-12). Let j(g) = -g**3 - 2*g**2 + 6*g + 7. Calculate j(w).
15
Let t(m) = 5*m**2 - 24*m - 20. Let w(s) = -6*s**2 + 30*s + 25. Let u(r) = 5*t(r) + 4*w(r). Let i be 2/8 - (-81)/12. Let y = i - 5. Calculate u(y).
4
Let m(b) = -3*b + b + 8 + 4*b - 6*b. Suppose t = 2*y - 12, 0 = -2*y + 3*t + 9 + 11. Let q be m(y). Let k(n) = -2*n - 6. What is k(q)?
10
Let i(g) = -g**3 - 13*g**2 - 2*g - 14. Let t be (-20)/4 + -2 + -201. Let k = t - -195. Determine i(k).
12
Let f be 11 - (38/(-209) - 14/(-77)). Let u(l) = -l**2 + 5*l + 50. Determine u(f).
-16
Let j(d) = -12*d**3 - 3 - 31*d**3 + 24*d**3 + 2*d**2 - 3*d. Let c(i) = -7*i**3 + i**2 - i - 1. Let u(x) = -11*c(x) + 4*j(x). Give u(-2).
-19
Suppose -8 = 3*x - 29. Let g(y) be the first derivative of -31 + 1/4*y**4 - 1/2*y**2 + 7*y - 7/3*y**3. What is g(x)?
0
Let k be (-3294)/(-24) + (7 - 2)/(-20). Let b(t) = k*t + 2 - 63*t - 78*t - 6*t**2 - t**3. Suppose 2*l - 2*w + 8 = 0, 4 = 3*w + 7. Calculate b(l).
-3
Let v(l) = l**2 - 8*l - 17. Let u be 8 + (-8 + 8)/(-4). What is v(u)?
-17
Let n(t) = -8*t - 4. Let m = -86 + -25. Let q = m + 107. Give n(q).
28
Let g(o) be the first derivative of 4*o**3/3 + 31*o**2/2 - 5*o - 1513. What is g(-8)?
3
Let s(m) = 4*m - 6. Let y(k) = -3*k + 9. Let j(t) = -t + 3. Let h(n) = -15*j(n) + 6*y(n). Let w(q) = -3*h(q) - 2*s(q). Determine w(17).
2
Let k(b) = -b**3 + 2*b**2 - 2*b + 5. Let c(j) = -j**3 + 41*j**2 + 179*j - 2. Let r be c(-4). What is k(r)?
1
Let a(i) = 68 - 16*i**2 + 17*i**2 + 2*i - i - 59 - 72. Give a(0).
-63
Let x = 314 + -226. Let w(p) = x*p**3 + p**2 - 1 + p - 3*p**2 - 89*p**3. What is w(-2)?
-3
Let c(a) = a**2 - 75*a - 412. Let i be c(80). Suppose 5*y = 2*d + 41, 2*y - 5*d - 26 = -2*y. Let q(m) = y*m - m**2 + 2*m - 2 + 2*m**2. Determine q(i).
10
Let w(z) = -7*z + 55. Let t be w(7). Suppose -2*y + 2*p + 6 = t*p, -4*y + p = -12. Let r(n) = -2*n**3 + 3*n**2 - n + 4. What is r(y)?
-26
Let c(g) = -12*g + 157 - 160 + 4*g - 11*g - g**2. Calculate c(-18).
15
Let w(k) = k - 31. Let v be w(38). Suppose -8*z + v*z = -5. Let d(q) = -q**3 + 5*q**2 - q + 1. Determine d(z).
-4
Let s(k) = k. Suppose -3794 = 6*o + 8*o. Let b = o + 280. Calculate s(b).
9
Suppose 2*o = -o + 6. Let c(w) = 2*w**3 - 1705*w**o + 3*w + 1 + 1705*w**2. Give c(-2).
-21
Let i be 26/156*0 - -3. Let h(c) be the second derivative of -c**5/20 - c**4/6 + 2*c**3/3 - 4*c. Determine h(i).
-33
Let p(h) = h**2 + 5*h + 1. Suppose 8 = -4*s - 3*x, -21*x + 22*x + 2 = -s. Let r be 2/(-5) + 99/30*s. What is p(r)?
15
Suppose -i = 3, -2*v - 106 - 37 = -i. Let w = 76 + v. Suppose 4*f = 5*j + 31, 24 = w*j - 7*j + 3*f. Let n(t) = t + 5. Calculate n(j).
2
Let f(u) = -7*u - 7. Let q(d) = -8*d - 8. Let i(z) = 7*f(z) - 6*q(z). Suppose 0 = -3*c - g + 5*g + 426, -5*g = -5*c + 715. Let a = c - 147. Determine i(a).
0
Suppose -4*r - u = -21, 8*r = 5*r + 3*u - 3. Suppose -8 = -r*y + 4*v, -7*v + 6*v = 5*y - 34. Let j(x) = x**3 - 6*x**2 - 2*x + 8. Determine j(y).
-4
Let o(d) = d**3 - 11*d**2 + d - 14. Let s = -9 - -14. Suppose w - s*a = -6 + 2, -61 = -5*w - 2*a. What is o(w)?
-3
Let m be -5*(-14)/10*(-3 - -4). Let f(i) = -3*i - 37. Give f(m).
-58
Let f = 11 + -11. Suppose f = -s - 4 - 1. Let b(h) = h**3 + 10*h**2 + 7*h - 11. Let u(c) = c**3 + 9*c**2 + 6*c - 10. Let d(t) = 3*b(t) - 4*u(t). Calculate d(s).
-3
Suppose -23 + 24 = 5*f - 24. Let x(a) be the first derivative of a**5/120 - a**4/6 - a**3/3 + 2. Let t(p) be the third derivative of x(p). Calculate t(f).
1
Let m(n) be the second derivative of n**6/90 - n**5/40 - n**4/24 - 4*n**3/3 - 7*n**2/2 + 49*n. Let h(s) be the second derivative of m(s). What is h(-2)?
21
Suppose 3*h - h + v - 11 = 0, h + 5*v - 10 = 0. Let d(o) be the third derivative of 0*o + 1/60*o**h + 5/3*o**3 - 3/8*o**4 - 10*o**2 + 0. Give d(8).
2
Let i(m) be the first derivative of 273*m - 137*m + 45 - 132*m - m**2. What is i(0)?
4
Let g